718721 is divided by 195.
191
What is the remainder when 42818471 is divided by 46?
15
Calculate the remainder when 50057 is divided by 456.
353
Calculate the remainder when 3321749 is divided by 309.
308
What is the remainder when 60303054 is divided by 301515?
54
Calculate the remainder when 1830879 is divided by 218.
115
What is the remainder when 12544511 is divided by 1965?
1916
Calculate the remainder when 53392 is divided by 13195.
612
Calculate the remainder when 3081454 is divided by 150.
4
What is the remainder when 9721729 is divided by 6264?
1
Calculate the remainder when 214373 is divided by 4203.
20
What is the remainder when 15874619 is divided by 88684?
183
What is the remainder when 200864 is divided by 2752?
2720
Calculate the remainder when 2866734 is divided by 167.
12
Calculate the remainder when 37113792 is divided by 652.
648
What is the remainder when 679338 is divided by 141?
0
What is the remainder when 31007477 is divided by 2515?
42
Calculate the remainder when 174692 is divided by 173038.
1654
Calculate the remainder when 510005 is divided by 61.
45
Calculate the remainder when 168636108 is divided by 156725.
8
Calculate the remainder when 63433758 is divided by 40.
38
What is the remainder when 9035546 is divided by 345?
341
Calculate the remainder when 32336468 is divided by 359294.
8
What is the remainder when 411633 is divided by 3069?
387
Calculate the remainder when 52129 is divided by 3197.
977
Calculate the remainder when 2481 is divided by 1787.
694
Calculate the remainder when 226635 is divided by 3233.
325
Calculate the remainder when 1433393 is divided by 31.
15
What is the remainder when 351461 is divided by 2096?
1429
What is the remainder when 2751281 is divided by 33?
5
Calculate the remainder when 70303 is divided by 1631.
170
Calculate the remainder when 7214673 is divided by 128.
81
What is the remainder when 1312127 is divided by 109341?
35
What is the remainder when 673012 is divided by 224289?
145
Calculate the remainder when 125113621 is divided by 183.
181
Calculate the remainder when 75901 is divided by 3612.
49
What is the remainder when 801733 is divided by 400794?
145
Calculate the remainder when 1886651 is divided by 821.
814
What is the remainder when 1430769 is divided by 476918?
15
Calculate the remainder when 491465 is divided by 2421.
2
What is the remainder when 5619586 is divided by 23?
19
What is the remainder when 207064 is divided by 2127?
745
Calculate the remainder when 1835179 is divided by 917583.
13
Calculate the remainder when 3853997 is divided by 642331.
11
What is the remainder when 107938726 is divided by 565?
561
What is the remainder when 177007233 is divided by 1188?
1173
Calculate the remainder when 436895 is divided by 3098.
77
Calculate the remainder when 437368 is divided by 19014.
46
Calculate the remainder when 439009 is divided by 146226.
331
What is the remainder when 900264 is divided by 75021?
12
Calculate the remainder when 1143753 is divided by 92.
9
What is the remainder when 207505 is divided by 3732?
2245
Calculate the remainder when 2019305 is divided by 234.
119
Calculate the remainder when 7350209 is divided by 495.
449
What is the remainder when 45675650 is divided by 198?
20
Calculate the remainder when 857456 is divided by 101.
67
Calculate the remainder when 13078988 is divided by 168.
20
Calculate the remainder when 94488 is divided by 9759.
6657
What is the remainder when 303383 is divided by 851?
427
Calculate the remainder when 354221 is divided by 88518.
149
What is the remainder when 27633268 is divided by 6?
4
Calculate the remainder when 37232 is divided by 4654.
0
What is the remainder when 32437 is divided by 2466?
379
What is the remainder when 9019268 is divided by 644232?
20
What is the remainder when 13436615 is divided by 483?
38
What is the remainder when 1565466 is divided by 130?
6
Calculate the remainder when 2735367 is divided by 82885.
162
What is the remainder when 1622890 is divided by 238?
206
Calculate the remainder when 1159026 is divided by 4230.
6
Calculate the remainder when 671387 is divided by 112.
59
Calculate the remainder when 2203497 is divided by 2465.
2252
Calculate the remainder when 23766 is divided by 5835.
426
Calculate the remainder when 327141 is divided by 33.
12
What is the remainder when 161745 is divided by 227?
121
Calculate the remainder when 130989045 is divided by 2154.
2151
What is the remainder when 34554724 is divided by 4662?
4642
Calculate the remainder when 633158370 is divided by 2875.
2870
Calculate the remainder when 32734155 is divided by 98.
97
Calculate the remainder when 160541 is divided by 11854.
6439
Calculate the remainder when 7728694 is divided by 1236.
1222
What is the remainder when 6530 is divided by 5652?
878
What is the remainder when 74065819 is divided by 2136?
19
What is the remainder when 1004171 is divided by 11157?
41
What is the remainder when 58058698 is divided by 28?
26
What is the remainder when 77798 is divided by 1899?
1838
Calculate the remainder when 1546614 is divided by 16453.
32
Calculate the remainder when 1957303 is divided by 326175.
253
What is the remainder when 91737 is divided by 3872?
2681
Calculate the remainder when 3494573 is divided by 499218.
47
Calculate the remainder when 17891 is divided by 4394.
315
What is the remainder when 59959 is divided by 57013?
2946
Calculate the remainder when 1265884 is divided by 298.
278
What is the remainder when 12550319 is divided by 506?
1
Calculate the remainder when 2154235 is divided by 378.
13
Calculate the remainder when 800690 is divided by 50043.
2
Calculate the remainder when 23190765 is divided by 49659.
12
Calculate the remainder when 246047 is divided by 2183.
1551
What is the remainder when 164435 is divided by 20542?
99
Calculate the remainder when 37346156 is divided by 31.
22
Calculate the remainder when 15028082 is divided by 77067.
17
Calculate the remainder when 316375954 is divided by 27.
25
Calculate the remainder when 15588543 is divided by 1633.
1558
What is the remainder when 158071 is divided by 141?
10
Calculate the remainder when 6019110 is divided by 483.
447
Calculate the remainder when 60710 is divided by 274.
156
What is the remainder when 3030 is divided by 993?
51
Calculate the remainder when 2629181 is divided by 403.
9
Calculate the remainder when 31979083 is divided by 385290.
13
Calculate the remainder when 19820257 is divided by 74233.
46
What is the remainder when 4623105 is divided by 4623084?
21
What is the remainder when 384309 is divided by 3176?
13
What is the remainder when 59187 is divided by 466?
5
Calculate the remainder when 49819 is divided by 2004.
1723
What is the remainder when 43402368 is divided by 4366?
4328
What is the remainder when 321441693 is divided by 4733?
4731
Calculate the remainder when 113658444 is divided by 21.
18
Calculate the remainder when 21129426 is divided by 27299.
0
What is the remainder when 32907 is divided by 5097?
2325
Calculate the remainder when 1142138 is divided by 1665.
1613
Calculate the remainder when 84461 is divided by 41847.
767
What is the remainder when 158547986 is divided by 13?
12
What is the remainder when 37601 is divided by 6676?
4221
What is the remainder when 4031669 is divided by 118574?
153
What is the remainder when 852188 is divided by 272?
12
What is the remainder when 203749 is divided by 196?
105
What is the remainder when 2733511 is divided by 15271?
2
Calculate the remainder when 574969 is divided by 25.
19
What is the remainder when 2872685 is divided by 12940?
5
Calculate the remainder when 7562582 is divided by 504172.
2
What is the remainder when 428221 is divided by 428187?
34
Calculate the remainder when 18425 is divided by 101.
43
What is the remainder when 618182 is divided by 54?
44
Calculate the remainder when 1310865 is divided by 3843.
402
Calculate the remainder when 9382976 is divided by 29.
26
What is the remainder when 1709818058 is divided by 1043?
1040
Calculate the remainder when 10395137 is divided by 70.
67
What is the remainder when 5184687 is divided by 163?
146
Calculate the remainder when 43478825 is divided by 7289.
7229
Calculate the remainder when 574961 is divi